
11
Let i(p) = 13*p - 62. Let m be i(6). Suppose m*l = 24*l - 400. Calculate the remainder when l is divided by 27.
23
Suppose 196 = -2*s - 2*a + 514, a = -9. Calculate the remainder when 1336 is divided by s.
160
Let x(a) = -5*a - 29. Suppose 0 = -4*k + 9*k + 85. What is the remainder when x(k) is divided by ((-3)/(-2))/((-3)/(-58))?
27
Suppose 14087 = 87*i + 4082. Calculate the remainder when 653 is divided by i.
78
Let t(k) = -k**3 + 5*k**2 - 7. Let d be t(5). Let y(x) = -52*x - 1125. Let m be y(-21). Let j = d - m. What is the remainder when j is divided by 3?
2
Suppose 0 = 76*s + 33*s - 3161. Calculate the remainder when 865 is divided by s.
24
Let h = 26787 + -26524. Calculate the remainder when h is divided by 95.
73
Let b(d) = 2*d + 6 + 3*d + 5*d + 7. Let s be b(10). Suppose 4*h - 4 = 0, -4*z + 8*z + 5*h - s = 0. What is the remainder when z is divided by 7?
6
Let n be ((-12)/(-8) - 1 - 1)*-22. Let v(i) = i**3 - 11*i**2 + 5*i - 27. Calculate the remainder when v(n) is divided by 5.
3
Let q be 94 - (-1)/(-5 - (-55)/10). Suppose 94*h = 100*h - q. Calculate the remainder when 55 is divided by h.
7
Let o be (-36)/27*(-132)/8. What is the remainder when 465 is divided by o/99 + 345/27?
10
What is the remainder when 27/((720/1712)/15) is divided by 31?
2
Let g = 685 + -677. Suppose -g*n + 1532 = -396. Calculate the remainder when n is divided by 27.
25
Let k = -96 - -84. Let q be 3 - (k/(-4) - 2) - -1. Suppose -6*y + q*y = -90. What is the remainder when 114 is divided by y?
24
Let i(q) = q**2 - 688*q - 6881. Calculate the remainder when 2767 is divided by i(-10).
94
What is the remainder when (17732/(-182))/((-1)/7) is divided by 36?
34
Let o(f) = -f**3 - 14*f**2 - 37*f - 26. Let d(z) = -11*z - 11. Let a be d(0). Calculate the remainder when 119 is divided by o(a).
11
Let y(u) = 9*u - 69. Let q be y(-19). Calculate the remainder when 178 is divided by (10/(-1))/(100/q).
10
Let b(i) = -i**3 + 9*i**2 - 6*i - 13. Let k be b(8). Suppose -k*o + 106 = -215. What is the remainder when o is divided by 19?
12
Suppose 2*n + 126 = 5*n. What is the remainder when 138 is divided by n?
12
Let x(j) = 2*j**3 + 186*j**2 + 352*j - 1025. Let o = 13 + 8. What is the remainder when x(-91) is divided by o?
4
Suppose 4*o + 25*o - 4379 = 0. What is the remainder when o is divided by 11?
8
Let u = 362 + 929. Let n = u + -1225. Suppose -5*m = -4*k - 4*m + 772, -3*k = 3*m - 594. What is the remainder when k is divided by n?
62
What is the remainder when 2486 is divided by ((-21)/(-12))/((-25)/(-2940)) + 3/15?
14
Suppose 0 = -226*h + 2599743 + 2847761. What is the remainder when h is divided by 98?
94
Let z(x) be the first derivative of -x**4/4 - 2*x**3 - 7*x**2/2 - 16*x - 20. Let o be z(-5). What is the remainder when 60 is divided by ((1 - 2)*25)/(6/o)?
10
Let f be 1/2*10*17. Let t = 211 - f. Suppose 0 = -5*q + 4*z + t, 0*q = -4*q + 5*z + 99. What is the remainder when 48 is divided by q?
22
Suppose -2*q - 40*q = 12*q - 1134. Calculate the remainder when 77 is divided by q.
14
Let p = -743 - -332. Let x = 429 + p. What is the remainder when x is divided by 3?
0
Suppose -10*i = -5*i - d - 291, 3*i - d - 175 = 0. Let h = -47 + i. What is the remainder when 19 is divided by h?
8
Suppose -v = 3*v + 656. Let y = v - -146. Let f = y + 34. Calculate the remainder when 77 is divided by f.
13
Let z be -1*(-112)/(-20) - 2/5. What is the remainder when 54 is divided by (-31)/z + 328/48 + -7?
4
Suppose 0 = -3*o + s - 12, 0*s = 4*o + 3*s + 29. Suppose 3*t + t = 32. Calculate the remainder when (2/o)/((4/115)/(-4)) is divided by t.
6
Let s(q) = -4*q**3 + q**2 - 3*q - 11. Let b be -6 - (5 - (0 - -1) - 6). What is the remainder when s(b) is divided by 46?
43
What is the remainder when 777 is divided by ((-442)/(-39))/((-488)/(-240) - 2)?
97
Let l(o) = -246*o**2 + 2762*o - 9. Calculate the remainder when l(11) is divided by 137.
59
Let r = 65 - 40. Suppose -r = -5*x + 5. Suppose 3*o + 2 = 26. Calculate the remainder when o is divided by x.
2
Suppose 584*g - 1131 - 1903 = 547*g. What is the remainder when g is divided by (-4)/(-18) - 124/(-9)?
12
Let o(q) = -3125*q - 3086. Calculate the remainder when 1470 is divided by o(-1).
27
Let s(v) = 3*v**2 - v - 5. Let q(m) = 37*m**3 - 1414*m + 2828. What is the remainder when q(2) is divided by s(-5)?
71
Suppose -n - 84 = -s, 4*n - 538 + 73 = -5*s. Suppose x - 88 + 0 = -5*w, 4*x + 4*w = 352. Let h = s - x. Calculate the remainder when 1 is divided by h.
0
Suppose 5 = -3*o - 4. Let y be 13 - (3 + 2) - 6. Calculate the remainder when 73 is divided by o + 0 + y + 20 - 0.
16
Let k = -1478 - -1537. Calculate the remainder when 1887 is divided by k.
58
Let a be 5 + 88 + -7 + -5. Suppose -a*u + 18*u = -693. What is the remainder when (-126)/(-4) + (-2)/4 is divided by u?
9
Suppose 0*b - 672 = -7*b. Suppose -13 = -2*u - 4*f + 41, 3*u - b = -f. What is the remainder when 35 is divided by u?
2
Suppose 4*s - u - 9 = 0, 4*s - 11 = 3*u - 0*u. Let j be -5*(5 - 1/5). Calculate the remainder when 14 is divided by (j/30)/(s/(-5)).
0
Let v be (45/30)/(1/332). Suppose 562 - v = 8*p. What is the remainder when 15 is divided by p?
7
What is the remainder when 22257 is divided by ((-44118)/(-551) - -4) + (-8)/116?
81
Let l(h) = -h**3 + 16*h**2 - 24*h - 231. What is the remainder when 1267 is divided by l(12)?
13
Let u be 0 - (0 + -6 - 4/(-2)). Let k(r) = 26*r - 21. What is the remainder when k(u) is divided by 9?
2
Let g be 3 + 0/(2/(-3)*-3). Suppose 2*o - 3*u = 7, 5*o - 11 = g*u + 2. Suppose 26 = -o*c + 4*c. Calculate the remainder when 48 is divided by c.
9
Let g = 17 + -6. Let w = g + 109. Calculate the remainder when w is divided by (-10693)/(-259) + 4/(-14).
38
Suppose 0 = -38*d + 30*d. Suppose d = -11*x + 13*x - 188. Let q = x - 55. What is the remainder when q is divided by 10?
9
Suppose 92*u + 540 = 98*u. Suppose l + 30 + u = 2*t, 116 = 2*t - 2*l. Calculate the remainder when 370 is divided by t.
60
Let z(s) = 5*s + 155. What is the remainder when 235 is divided by z(-22)?
10
Let j = -170 - -130. Calculate the remainder when 46 is divided by (-12)/(-10)*j*(-7)/42.
6
Suppose -q = -358 + 1944. Let r = q + 2241. What is the remainder when r is divided by 14?
11
Suppose 0 = -5*u + 5*f + 5865, -2*u + 1729 + 617 = f. What is the remainder when u is divided by 24?
21
Let w(c) = c**3 + 25*c**2 - 30*c - 74. Calculate the remainder when w(-25) is divided by 4.
0
Let y = -37 - -181. Calculate the remainder when y is divided by 27.
9
Suppose -5*y - 4*z - z = -65, -5*z + 52 = 4*y. Let s = y - 11. Calculate the remainder when 89 is divided by s - (-14)/4*6.
20
Let s(a) = 13*a**2 + 3*a. Let z be (-1 + -2)*(85/(-15) + 5). Calculate the remainder when s(z) is divided by 20.
18
Suppose 5*q - 150 = -0*q. Let n(i) = 4*i**2 + 52*i + 11. What is the remainder when q is divided by n(-13)?
8
Let g(u) = -36*u. Let s be (-6)/(-8) - 15/(-12). Suppose k - 133 = -s*f, 14 - 8 = -2*k. Calculate the remainder when f is divided by g(-1).
32
Suppose -5*i + 19 = z, i - z = z - 5. Suppose -a - m - 2*m = -156, -564 = -4*a + i*m. What is the remainder when a is divided by 30?
24
Let f = 1564 + -792. What is the remainder when f is divided by 111?
106
Let n(w) = 11*w**2 - 75*w - 95. Calculate the remainder when 508 is divided by n(8).
4
Let t = -38 - -40. Suppose -s - g - 6 = -30, 4*s - 90 = -t*g. Let w = 235 + -131. What is the remainder when w is divided by s?
20
Let q(k) = 5*k - 14. Let m be q(4). Suppose -86 - 28 = -m*s. Calculate the remainder when 149 is divided by s.
16
Let y(s) = 8*s**2 - 19*s - 131. What is the remainder when y(-7) is divided by 110?
64
Let r be 34*(-5 + 6)*1. Let w = r - -150. What is the remainder when w is divided by 65?
54
Let m = 8 + -5. Suppose 2*v = 2*r + 7*v - 126, -2*v = -4*r + 204. Suppose -m*s - 6 = -2*q + 5, 0 = 5*q + s - r. What is the remainder when 35 is divided by q?
5
Suppose 3 = m - 1. Calculate the remainder when 133/m + (-1)/4 is divided by 3*(-1 + -17 + 17) - (1 - 11).
5
Suppose -19*i = -173 - 112. Calculate the remainder when 207 is divided by i.
12
Suppose 5*z = -0*z + 15. Suppose 3*h = 21*h - 11808. Let y = -648 + h. Calculate the remainder when y is divided by z.
2
Let v(t) = -t**2 - 2*t - 25. Let i be v(-6). What is the remainder when 1/